t q = -101198 + 179816. Suppose 55*a - q = -22023. What is the thousands digit of a?
1
Let t(h) = h**3 + 35*h**2 + 40*h + 30. What is the hundreds digit of t(-29)?
9
Let h = 4127 - 254. What is the tens digit of h?
7
Suppose 29 - 35 = -2*x. Suppose a + a - 6 = -k, 0 = 3*a - x*k. Suppose -a*m + 100 = -14. What is the tens digit of m?
5
Let f = -475 - -762. Let r = f + 3. What is the tens digit of r?
9
Let m be -4*94/8*(-9 + 7). Let r = 560 - m. What is the units digit of r?
6
What is the thousands digit of ((-28)/(-8))/(12/21576)?
6
Let l = 1 + -1. Let i = -604 + 643. Suppose l = i*j - 34*j - 100. What is the tens digit of j?
2
Let u be ((-3)/(-2))/((-48)/(-32)). Suppose -2*h + b - u = 0, -h = h + 4*b - 4. Suppose h = 5*v + 5*f - 190, 5 = 3*f - 4. What is the tens digit of v?
3
Let o = 9 - 7. Let y = 1251 + -675. Suppose -440 = -4*u + 2*x, 5*u - y = -2*x - o*x. What is the tens digit of u?
1
Suppose 268*x - 334608 = 220*x. What is the thousands digit of x?
6
Let w = -3814 + 6185. Suppose -w - 1629 = -8*f. What is the tens digit of f?
0
Let d(v) = v**2 + 52*v - 2851. What is the tens digit of d(79)?
9
Let q = 126235 - 74561. What is the ten thousands digit of q?
5
Suppose -51 = -4*d + 221. Suppose 5*z = -2*q - 105, 118 = -4*q - 2*z - d. Let a = q - -101. What is the units digit of a?
6
Suppose 2*t + 69 + 55 = 0. Let l = 74 + t. Suppose -3*o - l = 0, 4*d - 406 = 2*o - 22. What is the units digit of d?
4
Let d = 80 + -52. Let o = d + -22. What is the tens digit of (-20)/o + 4 - (-190)/3?
6
Suppose 9*o - 211528 = -4*f, f + 16*o - 15*o = 52872. What is the ten thousands digit of f?
5
Let z = -149794 + 232708. What is the tens digit of z?
1
Let y = -3145 + 18007. What is the tens digit of y?
6
Suppose -4*s - 10 = -3*b - 2*b, -2*b = -5*s - 21. What is the hundreds digit of (2 - (3 - 4))/(b/(-302))?
4
Suppose 283*m - 6016158 = -1558625. What is the ten thousands digit of m?
1
Suppose 1195 + 53223 - 8438 = 19*n. What is the tens digit of n?
2
Let l = 10292 - 5517. What is the units digit of l?
5
Suppose 3*o - 6181 - 6206 = 0. What is the thousands digit of o?
4
What is the ten thousands digit of (2/(-9))/(6 + 73/(-12))*5178?
1
Let d = 643 - 1150. Let y = d + 1211. What is the units digit of y?
4
Suppose -116*t = -121*t + v + 330868, -2*t + 132376 = -4*v. What is the units digit of t?
2
Suppose 19*u - 1282961 + 8034101 = 125*u. What is the thousands digit of u?
3
Suppose -5*v = x - 40, -2*x - 1 = v - 0. Let a(g) = -23*g - 5*g**2 - v*g**2 - g**3 - 6 + 5*g. What is the units digit of a(-13)?
9
Let j(w) = 1810*w**3 - 6*w**2 + 2*w. What is the thousands digit of j(1)?
1
Let g = 2078 + -1172. Suppose -1299 = -7*w + g. What is the tens digit of w?
1
Let d = -19320 - -34256. What is the ten thousands digit of d?
1
Let u = -132 + 138. Let g(b) = -4*b**2 + u + 5*b**2 + b**2 + 1 + 6*b. What is the tens digit of g(4)?
6
Let f = -364 + 452. Let n = f + 581. What is the hundreds digit of n?
6
Suppose -19*p + 1796 = -23*p. Let a = p + 648. What is the hundreds digit of a?
1
Let h be (-1)/((-2)/(-4)) - (-42)/6. Suppose 543 = h*d + 3*o, -77 - 125 = -2*d - 5*o. What is the units digit of d?
1
Let q(k) = -1 + k**2 + k + 4*k - 1 - 6*k. Let h be q(-2). Suppose f = 3*x + 168, -h*f + 5*x + 357 = -287. What is the units digit of f?
6
Let q(x) = x**2 - 27*x + 100. Let f be (7/112*-4)/(1/(-148)). What is the hundreds digit of q(f)?
4
Suppose 4*y = 8*y - 8. Suppose y*j + 5*m - 254 = 1307, -j = -5*m - 788. What is the hundreds digit of j?
7
Let x = 45 + -38. Suppose 3*y - 2 - x = 0, 5*l + 5*y - 2655 = 0. What is the units digit of l?
8
Let l = 29 + -29. Suppose 12 = -3*x + v, -v + l*v = -x - 2. Let d = x + 83. What is the units digit of d?
8
Let w(y) = 11*y + 8. Suppose 4*m - 2*c - 23 = -5, 4*m - 3*c - 13 = 0. Let b be w(m). Let t = b + 12. What is the units digit of t?
7
Let i(z) = -z**3 + 6*z**2 - 7*z + 7. Let u be i(5). What is the hundreds digit of 253 + 42 - u*(-8)/6?
2
Let m(l) = l**2 - l + 2. Let x be m(-2). What is the units digit of -1 + 2 - (6 + -486 + x)?
3
Let m(d) = 2*d + 57*d**2 + 8 - 52*d**2 + d. Let w be m(-4). Suppose 25 = x + g, w + 79 = 5*x - 5*g. What is the units digit of x?
8
Suppose 0 = -3*m + u + 37359, -4*m = -m - 3*u - 37353. What is the thousands digit of m?
2
Let n be 13 + -16 + 1*171. What is the hundreds digit of (274/6)/(28/n)?
2
Let x = -653 - -1188. What is the units digit of x?
5
Suppose -3*z - 2*v + 19653 = 0, 2*z - v = -2*z + 26204. Suppose -41*u = -4*g - 44*u + z, -2*g + 3283 = 3*u. What is the units digit of g?
4
Suppose 0 = 25*y - 47*y - 3652. Let g = 738 + y. What is the hundreds digit of g?
5
Suppose -41 + 17 = -6*g. Suppose -4*s + 11 + g = -5*v, 0 = -4*v - 5*s - 12. What is the units digit of v/6*(-2338)/7?
7
What is the units digit of (-125)/(-50) - (-1881)/6?
6
Let u(m) = 43*m + 91. Let c be u(7). Let p = -288 + c. What is the tens digit of p?
0
What is the ten thousands digit of (13/((-936)/1264806))/(3/(-12))?
7
What is the thousands digit of (-7 - (-468)/66) + 282968/77?
3
Let y(q) be the second derivative of 2*q**3 - 23*q**2/2 - 1517*q. Suppose -6*d = -2*d - 24. What is the units digit of y(d)?
9
Let x = -5958 - -13474. What is the tens digit of x?
1
What is the tens digit of 0/(-5 + 3)*-1 + (-50326)/(-2)?
6
Let q = -30213 - -90821. What is the hundreds digit of q?
6
Let l(z) = 40*z**2 + 12*z + 32. Let j be l(-3). Let t = -223 + j. What is the tens digit of t?
3
Let i(y) = -y**2 - 152*y - 337. What is the thousands digit of i(-60)?
5
Let y(s) be the second derivative of -20*s**3 - 148*s**2 + 25*s. What is the thousands digit of y(-14)?
1
Let j(k) = -3*k + 6. Let p be j(1). Suppose 0 = -4*v + h + 87, p*v - 2*h - 60 = -3*h. What is the units digit of (12/(-21))/(2/v*-3)?
2
Suppose -345 = 4*v - 3*v. Let b = -223 - v. What is the units digit of b?
2
Let a(y) = 131*y**2 + 136 - 259*y**2 + 137*y**2 + 21*y. What is the hundreds digit of a(-5)?
2
Let n be ((-90)/4)/3*8/(-6). Suppose 0 = -n*f + 11074 - 2234. What is the tens digit of f?
8
Suppose 0 = -4*c, 5*d - 31*c = -28*c + 111910. What is the units digit of d?
2
Let j be 2/(-4 - 150/(-39)). Let x = -38 - j. Let p = x - -88. What is the units digit of p?
3
Let o be (2 + -5)/(1 - 0). Let q(m) = -120*m + 12. What is the units digit of q(o)?
2
Suppose 3*d - 405 = -2*n + 1270, 0 = -n - 4*d + 825. Let o = n + -46. What is the units digit of o?
9
Suppose 0*a + 2*a - 6 = 0. Suppose 0 = 107*j - 98*j. Suppose c - 44 = a*l - 287, 4*l - 3*c - 329 = j. What is the tens digit of l?
8
Let h(u) = 725*u**2 - 45*u - 269. What is the hundreds digit of h(-6)?
1
Suppose 4*f + 5*p - 1082 = 0, 351 + 175 = 2*f - 5*p. Suppose 4*i = 2*s - f, -2*s - 605 = -7*s - 3*i. What is the tens digit of s?
2
Let o be 5*(-265)/8 + 1857/(-4952). Suppose 0 = 2*l - 49 - 31. Let y = l - o. What is the units digit of y?
6
Let p(w) = 52*w**3 - 3*w**2 + 2. Let s be p(2). Suppose s = 4*b + 46. What is the units digit of b?
0
Let l(p) = 50*p + 3*p - 7*p + 231*p**2 - 15*p - 6*p - 49. What is the hundreds digit of l(2)?
9
Let k = 3204 - -7752. What is the hundreds digit of k?
9
Let t = 15152 + -1702. What is the thousands digit of t?
3
Let a(i) = i - 14. Let d be a(23). Suppose -4*z = -2*p - d*z + 954, 2*p - 5*z = 934. What is the units digit of p?
2
Let w = -14123 - -62279. What is the units digit of w?
6
What is the tens digit of ((2 - 387) + 2)/(6 + 2275/(-377))?
0
What is the thousands digit of 21/77 - (-351360)/88?
3
Let p(o) = 76*o - 96. Suppose 0 = 4*k - s - 43, 0*s + 35 = 5*k + 5*s. What is the units digit of p(k)?
4
Suppose 0 = 137*j - 136*j - 89. Let u(y) = -17*y - 14. Let n be u(-10). Let r = n - j. What is the units digit of r?
7
Suppose -11*u - 8*u + 19647 = -16*u. What is the units digit of u?
9
Let o(k) be the third derivative of -5*k**4/2 - 23*k**3/3 - 53*k**2. What is the tens digit of o(-6)?
1
Suppose -3*j - 300876 = -6*o, o + 4*j - 30137 - 20009 = 0. What is the hundreds digit of o?
1
Suppose 3*b = -3*r + 63495, 3*b = 24*r - 22*r - 42355. What is the hundreds digit of r?
1
Let p(l) = l**3 - 3*l**2 + 4. Suppose 0 = -4*a + 4*g + 520, 5*g - 640 = -5*a - 0*g. Let b = a + -123. What is the tens digit of p(b)?
1
Suppose 249*b - 507780 = 116*b + 112*b. What is the hundreds digit of b?
1
Suppose -3*o + 3*k + 51762 = 0, -3